3*w = -3 + i. What is the tens digit of (-9980)/(-40) + 1/w?
5
What is the hundreds digit of (-3946 + 9 + -7)*-2?
8
Let v be 15237/15 + (-2)/(-10). Suppose 2*g - 1023 - v = -5*k, -2*g = -2*k + 810. What is the tens digit of k?
0
Suppose x - 4*s = -9*s + 4, x + 4*s = 4. Suppose b = -8*c + 9*c - 327, c + x*b - 352 = 0. What is the hundreds digit of c?
3
Suppose u - 3*x + 7 = -0*x, -5*x = -20. Suppose 4*r + 112 = 5*i, -20 = -i + u*r - 3*r. Suppose i = 3*y + 9. What is the units digit of y?
5
Let q = 186 - 184. Suppose 5*w + 2*a = 234, 3*w - q*a - 135 = -5*a. What is the tens digit of w?
4
Suppose k - 40 - 913 = -p, 0 = p + 5*k - 941. Let c = 2063 - p. What is the tens digit of c?
0
Suppose -12*x = -10*x - 5*t - 69, x + 3*t - 40 = 0. Suppose -4110 = 7*o - x*o. What is the units digit of o?
7
Suppose -22*y + 56329 + 34839 = 0. Suppose -95*d = -91*d - y. What is the hundreds digit of d?
0
Let g(o) = -986*o**3 - 4*o**2 - 8*o - 10. Let n be g(-2). What is the units digit of (-3)/((-18)/n) + -4?
9
Suppose 2*x - 142 = t - 151, -4*x - 19 = -t. Let d(p) = -294*p + 268. What is the hundreds digit of d(x)?
7
Suppose 0*c = -3*c + 15. Suppose -8 = -4*s - 4*f, c*s - 3*f - 2*f = 10. Suppose -k + s*x + 82 = 0, 2*x + 164 = 2*k - x. What is the units digit of k?
2
Let d = -38 + 38. Let a be (d*5/30)/((-4)/(-2)). Let t(h) = h + 66. What is the units digit of t(a)?
6
Suppose -4*m - 2 = -5*o, 5*m - 5*o = -0*o. Suppose 4*z + s = 1988, 8*z - 11*z + 1502 = -m*s. What is the tens digit of z?
9
Suppose y = 2899 + 13257. What is the hundreds digit of y?
1
Let g(y) = -12*y + 1. Let k(h) = -49*h + 5. Let w(c) = -c**3 - 9*c**2 + 2. Let s be w(-9). Let v(z) = s*k(z) - 9*g(z). What is the tens digit of v(8)?
8
Let r(z) = -62*z**2 - 6*z + 25. Let b be r(3). Let j = b - -940. What is the hundreds digit of j?
3
Suppose 0 = d - 3*b + 36, 0*d + 4*b + 64 = -4*d. Let u be 1/10 + (-5148)/(-120). Let t = u + d. What is the tens digit of t?
2
Let k = -14 + 16. Suppose -k*h + 18 = 2*n, -4*n + 3*h + 22 + 0 = 0. Suppose -8*y + 111 = -n*y. What is the tens digit of y?
1
Let o(f) = -3*f**2 + 13*f + 12. Let a be o(5). Suppose q - a*b = 242, 0 = 2*q + 3*b - 246 - 231. What is the hundreds digit of q?
2
Let h = 81849 + -47278. What is the units digit of h?
1
Suppose 0*o - o + 28 = 0. Let h = 8 + o. What is the tens digit of (12/h)/((-1)/(-51))?
1
Suppose 3*n - 60 = -4*c, 2*c = -4*n + 2*n + 38. What is the tens digit of 255/(n/12 + -1) + 5?
7
Suppose -4*n + 74 - 50 = 0. Suppose 73 = -n*s + 535. What is the tens digit of s?
7
Let q(g) = -23*g + 2197*g**2 + 69*g - 2195*g**2 - 29. What is the units digit of q(-24)?
9
Let z(f) = -12 - 9*f - 12 - 5. Let l be 288/(-480)*35/3. What is the tens digit of z(l)?
3
Let t be (-429)/12 + 3/(-12). Let n be (-6525)/t*(-2 - -6). Suppose 6*k + n = 2207. What is the hundreds digit of k?
2
Let u = 21371 - 14095. Suppose -x + 3626 = -3*n + 5*n, 4*x + u = 4*n. What is the hundreds digit of n?
8
Let m(b) = -1324*b + 43. Let n be m(-8). Let t = n + -7524. What is the units digit of (-4)/2*t/(-34)?
3
Let l(k) = -k - 23. Let f be l(1). Let i(a) = a**3 + 26*a**2 + 32*a + 66. What is the tens digit of i(f)?
5
Let v(c) = 8890*c - 4867. What is the ten thousands digit of v(5)?
3
Suppose 0*o + 2*o = 6. Let c(s) = -3*s**o + 10*s**3 + 5*s + 34 - 4*s - 6*s**3. What is the tens digit of c(0)?
3
Let r = -14 + 10. Suppose -w = 5*l + 78, -2*l - 54 + 9 = 5*w. What is the units digit of (-2 + (r - l))/(3/8)?
4
Let v be ((-272)/(-10))/(4 - (-1116)/(-280)). Suppose 4*f + 4*h = v, 0 = -4*f + 3*f + 5*h + 464. What is the hundreds digit of f?
4
Let w(c) = -c**2 + 17*c + 2. Let z be w(17). Let m(k) = 46*k**2 + 49*k**z - 1 - 93*k**2. What is the tens digit of m(6)?
7
Let x(m) = -2*m**2 - 23*m + 7. Let i be x(-10). What is the tens digit of (-1*i)/(27/(-243))?
3
Let q(j) = -28*j**3 - 2*j**2 + 2*j - 2. Let t be q(1). What is the hundreds digit of t/(-45)*(-1029)/(-2)?
3
Let t(a) = -a**3 - 25*a**2 + 318*a + 246. What is the thousands digit of t(-50)?
6
Suppose 57 = x - 3*q + 6, 4*q + 55 = x. Suppose x*c = 38*c + 743. What is the tens digit of c?
4
Let d(c) = 2*c**3 - 2*c**2 - c - 1. Let p be d(2). Suppose 0 = a - 0*a - p. Let h = a - -12. What is the units digit of h?
7
Suppose 0 = 10*q + 1242 + 2288. Let u = -79 - q. What is the units digit of u?
4
Let b(t) = 20*t**2 + 778*t - 17. What is the hundreds digit of b(-42)?
5
What is the tens digit of 1158/15 - ((-8)/(-10))/4?
7
Let r(d) = 4*d**2 - 3*d. Let q be r(3). Suppose 12 = -4*a, -5*c - 4*a - q = -10*c. Suppose -i - 5*h + 256 = i, 0 = i - c*h - 139. What is the units digit of i?
3
Let x(t) = 3*t**3 - 7*t**2 + 7*t - 44. What is the tens digit of x(9)?
3
Suppose -8*j - f - 20 = -5*j, -4*j + 3*f = 5. Let d(v) be the third derivative of -7*v**4/8 + 10*v**3/3 - 6*v**2. What is the tens digit of d(j)?
2
Let g(m) = -3*m**3 - 73*m**2 - 34*m + 7. Let w be g(-24). Let b = 1040 - w. What is the units digit of b?
3
What is the hundreds digit of 112/(-756)*9 - (-85474)/3?
4
What is the units digit of (16780/14)/(2926/(-196) + 15)?
0
Let b = 11710 + -1258. What is the tens digit of b?
5
Suppose p = -a + 4*a + 348, 3*p - 3*a = 1038. Suppose w = -p + 928. What is the units digit of w?
3
Let f(n) = -n**3 - 16*n**2 - 18*n - 34. Let z be f(-15). Suppose -48 = -13*b + z*b. What is the units digit of (0 - -3)/((b/171)/8)?
1
Suppose -60 = 24*t - 300. Suppose -4*q - 3*v + 4015 = 0, -t*v = -3*q - 5*v + 2975. What is the units digit of q?
0
Suppose 4*i - 124268 = -5*f, 3*f + 60*i = 63*i + 74604. What is the thousands digit of f?
4
What is the ten thousands digit of (-51858 + -434)*1/(-2)?
2
Let a(n) = 30*n**3 - 4*n - 4. Let v be a(-3). Let i = v - -3142. What is the tens digit of (-2)/(-5) + i/25?
9
Let n be 266 + (-13)/3 + (-6)/(-18). What is the tens digit of 12/6 + n + 2?
6
Suppose 336 - 83 = d. Let u = 283 - d. What is the units digit of u?
0
Suppose 0*r = -8*r - 408. Let i = -47 - r. Suppose 2*y + d = 6 + 143, -57 = -y - i*d. What is the units digit of y?
7
Let t = -701 - -1273. Suppose -6*z + 5*m - t = -7*z, 0 = -4*z - 4*m + 2336. What is the hundreds digit of z?
5
Let j(n) be the third derivative of 11*n**5/60 - 11*n**4/24 + 23*n**3/6 + 129*n**2. What is the tens digit of j(8)?
3
Let o = 5 - 3. Suppose -3*g = -o*s - 1937, -3*g = -4*g - 4*s + 641. What is the tens digit of g?
4
Let w(j) = 53*j + 7. Let b be w(4). Suppose 0 = -12*z + 2661 + b. Suppose 3*f - 588 = -5*h + f, 2*f - z = -2*h. What is the hundreds digit of h?
1
Suppose 2*p + m = -2112, 9*p = 4*p + 2*m - 5271. Let j = -628 - p. What is the hundreds digit of j?
4
Let u(m) = 135*m**2 - 30 + 0*m + 27 - 3*m. What is the tens digit of u(-1)?
3
Suppose j - 10980 = -3*d, -3*j - 28*d = -30*d - 33006. What is the ten thousands digit of j?
1
Suppose 2*g - p - 3172 = -2*g, 0 = g + 2*p - 784. Let t = g - 393. What is the tens digit of t?
9
Suppose 3*c - 9*c = -18. Let x be 21 - (c + 0/(-3)). What is the tens digit of ((-4)/5)/(x/(-1440))?
6
Let k be 78 - ((-2)/(-1) - -1). What is the hundreds digit of -51*k/(-9) - 5?
4
Let x(l) = -l**3 + 21*l**2 + 18*l + 90. Let g be x(22). Let a be 6*1*1 + -1. Suppose g*d + 0*d - 19 = -a*w, -w + 3*d = 3. What is the units digit of w?
3
Let v be (-5 + 2)*2/(-3). Suppose 0 = -5*o - y + 94, -8*o + 6*o = y - 37. Suppose 4*z - v*n - 397 + o = 0, -4*n - 174 = -2*z. What is the tens digit of z?
9
What is the units digit of (-245283)/(-9) - -4 - ((-88)/(-33) + -3)?
8
What is the ten thousands digit of ((-56)/1)/(24/(-33192)*6)?
1
Let h = -570 - -1374. Suppose 2*y - 1025 = -5*c, -4*c - y = -19 - h. What is the hundreds digit of c?
2
Suppose -118*c = -10*c - 480168. What is the thousands digit of c?
4
Let t(i) = 54*i**2 - 3*i**3 + 20 - 25*i**2 - 30*i**2 - 3*i. What is the units digit of t(-6)?
0
Let z = -1383 - -1693. What is the tens digit of z?
1
Let d(p) = 2*p**2 - 70*p + 490. Let c be d(7). Let t(y) = y - 4. Let x be t(4). Let n = c - x. What is the units digit of n?
8
Suppose -4*w - 3*l + 7*l = 0, 5*w - 8 = l. Suppose -w*q = 9 - 17. Suppose 0*s - 4*s + 391 = 3*o, -393 = -q*s - 5*o. What is the units digit of s?
7
Suppose -g + 42 = 5*v, 2*g + 2*v + 160 = 5*g. Suppose 29*j = g*j - 5083. What is the tens digit of j?
2
Let q(p) be the first derivative of -353*p**2/2 - 4*p - 2. Let o 